{"id":199,"date":"2013-10-22T09:51:40","date_gmt":"2013-10-22T09:51:40","guid":{"rendered":"http:\/\/baumschule-peters.com\/?page_id=199"},"modified":"2018-09-24T06:13:45","modified_gmt":"2018-09-24T06:13:45","slug":"mission-umweltgedanke","status":"publish","type":"page","link":"http:\/\/baumschule-peters.com\/?page_id=199","title":{"rendered":"Mission \/ Umweltgedanke"},"content":{"rendered":"<p align=\"left\">Dass die Baumschule\u00a0heute so erfolgreich ist, resultiert einzig und allein aus der in Eigenregie gew\u00e4hlten Priorit\u00e4t, \u00f6kologisch nachhaltig und gleichzeitig \u00f6konomisch effektiv zu produzieren. Die \u00f6kologisch zukunftsorientierte Pflanzenproduktion wird zum Beispiel dadurch garantiert, dass bei unserem Unternehmen nat\u00fcrliche N\u00fctzlinge statt der \u201echemischen Keule\u201c im Pflanzenschutz eingesetzt werden. Ferner stellt ein geschlossenes Bew\u00e4sserungssystem sicher, dass beispielsweise kein D\u00fcnger ins Grundwasser gelangen kann. Fast beil\u00e4ufig erw\u00e4hnt der Senior, Helmut Peters, dass obendrein auf einer rund 4000 Quadratmeter gro\u00dfen und 1,5 Meter tiefen Anlage mit Hilfe von W\u00e4rmepumpen die Heizungen von Wohn- und Betriebsgeb\u00e4uden umweltfreundlich gespeist werden.<\/p>\n<p>&nbsp;<\/p>\n<h4 align=\"left\"><img loading=\"lazy\" decoding=\"async\" class=\"alignnone size-medium wp-image-44\" src=\"http:\/\/baumschule-peters.com\/wp-content\/uploads\/2013\/09\/SEY_0163-300x300.jpg\" alt=\"SEY_0163\" width=\"300\" height=\"300\" srcset=\"http:\/\/baumschule-peters.com\/wp-content\/uploads\/2013\/09\/SEY_0163-300x300.jpg 300w, http:\/\/baumschule-peters.com\/wp-content\/uploads\/2013\/09\/SEY_0163-150x150.jpg 150w, http:\/\/baumschule-peters.com\/wp-content\/uploads\/2013\/09\/SEY_0163-1024x1024.jpg 1024w\" sizes=\"auto, (max-width: 300px) 100vw, 300px\" \/>\u00a0\u00a0<img loading=\"lazy\" decoding=\"async\" class=\"alignnone size-medium wp-image-47\" src=\"http:\/\/baumschule-peters.com\/wp-content\/uploads\/2013\/09\/SEY_0196-300x300.jpg\" alt=\"SEY_0196\" width=\"300\" height=\"300\" srcset=\"http:\/\/baumschule-peters.com\/wp-content\/uploads\/2013\/09\/SEY_0196-300x300.jpg 300w, http:\/\/baumschule-peters.com\/wp-content\/uploads\/2013\/09\/SEY_0196-150x150.jpg 150w, http:\/\/baumschule-peters.com\/wp-content\/uploads\/2013\/09\/SEY_0196-1024x1024.jpg 1024w\" sizes=\"auto, (max-width: 300px) 100vw, 300px\" \/>\u00a0\u00a0<a href=\"http:\/\/baumschule-peters.com\/wp-content\/uploads\/2013\/09\/SEY_0164.jpg\"><img loading=\"lazy\" decoding=\"async\" class=\"alignnone size-medium wp-image-45\" src=\"http:\/\/baumschule-peters.com\/wp-content\/uploads\/2013\/09\/SEY_0164-300x300.jpg\" alt=\"SEY_0164\" width=\"300\" height=\"300\" srcset=\"http:\/\/baumschule-peters.com\/wp-content\/uploads\/2013\/09\/SEY_0164-300x300.jpg 300w, http:\/\/baumschule-peters.com\/wp-content\/uploads\/2013\/09\/SEY_0164-150x150.jpg 150w, http:\/\/baumschule-peters.com\/wp-content\/uploads\/2013\/09\/SEY_0164-1024x1024.jpg 1024w\" sizes=\"auto, (max-width: 300px) 100vw, 300px\" \/><\/a><\/h4>\n<h4 align=\"left\"><\/h4>\n<p style=\"text-align: left;\"><strong><span style=\"text-decoration: underline;\">Umweltgedanke &#8211; Nachhaltigkeit<\/span><\/strong><\/p>\n<p>Containerfl\u00e4che im Au\u00dfenbereich<\/p>\n<ul>\n<li>geschlossenes Bew\u00e4sserungssystem<\/li>\n<li>kein Herbizid-Einsatz<\/li>\n<li>Verwendung von Kokusmatten<\/li>\n<li>Rindenmulch<\/li>\n<li>Kakaoschalen<\/li>\n<li>eigene Substratherstellung ( ca 2.200 Kubikmeter) weniger Einsatz von Torf<\/li>\n<li>kurze Transportwege zu den Vermarktern<\/li>\n<li>Halle, B\u00fcro unter \u00f6konomischen Geschichtspunkten erbaut<\/li>\n<li>Einsatz von bienenfreundlichen Mitteln<\/li>\n<\/ul>\n<p>Gew\u00e4chsh\u00e4user &#8211; Bodendeckerproduktion<\/p>\n<ul>\n<li>geringer Energieaufwand<\/li>\n<li>nur frostfreies Heizen<\/li>\n<li>Gasheizung<\/li>\n<li>Klimacomputer<\/li>\n<li>Energieschirme<\/li>\n<li>geschlossenes Bew\u00e4sserungssystem (Mobiltische)<\/li>\n<li>Regelm\u00e4\u00dfige Pflanzenkontrolle durch zus\u00e4tzlichen externen Berater<\/li>\n<\/ul>\n","protected":false},"excerpt":{"rendered":"<p>Dass die Baumschule\u00a0heute so erfolgreich ist, resultiert einzig und allein aus der in Eigenregie gew\u00e4hlten Priorit\u00e4t, \u00f6kologisch nachhaltig und gleichzeitig \u00f6konomisch effektiv zu produzieren. Die \u00f6kologisch zukunftsorientierte Pflanzenproduktion wird zum Beispiel dadurch garantiert, dass bei unserem Unternehmen nat\u00fcrliche N\u00fctzlinge statt der \u201echemischen Keule\u201c im Pflanzenschutz eingesetzt werden. Ferner stellt ein geschlossenes Bew\u00e4sserungssystem sicher, dass beispielsweise [&hellip;]<\/p>\n","protected":false},"author":1,"featured_media":0,"parent":92,"menu_order":0,"comment_status":"closed","ping_status":"closed","template":"","meta":{"footnotes":""},"class_list":["post-199","page","type-page","status-publish","hentry"],"_links":{"self":[{"href":"http:\/\/baumschule-peters.com\/index.php?rest_route=\/wp\/v2\/pages\/199","targetHints":{"allow":["GET"]}}],"collection":[{"href":"http:\/\/baumschule-peters.com\/index.php?rest_route=\/wp\/v2\/pages"}],"about":[{"href":"http:\/\/baumschule-peters.com\/index.php?rest_route=\/wp\/v2\/types\/page"}],"author":[{"embeddable":true,"href":"http:\/\/baumschule-peters.com\/index.php?rest_route=\/wp\/v2\/users\/1"}],"replies":[{"embeddable":true,"href":"http:\/\/baumschule-peters.com\/index.php?rest_route=%2Fwp%2Fv2%2Fcomments&post=199"}],"version-history":[{"count":11,"href":"http:\/\/baumschule-peters.com\/index.php?rest_route=\/wp\/v2\/pages\/199\/revisions"}],"predecessor-version":[{"id":627,"href":"http:\/\/baumschule-peters.com\/index.php?rest_route=\/wp\/v2\/pages\/199\/revisions\/627"}],"up":[{"embeddable":true,"href":"http:\/\/baumschule-peters.com\/index.php?rest_route=\/wp\/v2\/pages\/92"}],"wp:attachment":[{"href":"http:\/\/baumschule-peters.com\/index.php?rest_route=%2Fwp%2Fv2%2Fmedia&parent=199"}],"curies":[{"name":"wp","href":"https:\/\/api.w.org\/{rel}","templated":true}]}}