{"id":196,"date":"2013-10-22T09:49:57","date_gmt":"2013-10-22T09:49:57","guid":{"rendered":"http:\/\/baumschule-peters.com\/?page_id=196"},"modified":"2018-09-24T06:11:35","modified_gmt":"2018-09-24T06:11:35","slug":"firmengeschichte","status":"publish","type":"page","link":"http:\/\/baumschule-peters.com\/?page_id=196","title":{"rendered":"Firmengeschichte"},"content":{"rendered":"<h5 align=\"left\"><span style=\"color: #333333;\"><span style=\"font-family: Georgia, 'Times New Roman', 'Bitstream Charter', Times, serif;\">Vor den Toren der Stadt Kevelaer produziert die Baumschule Peters\u00a0 in gewaltigen St\u00fcckzahlen qualitativ hochwertige Bodendecker (vor allem f\u00fcr die Friedhofsg\u00e4rtner) und Gro\u00dfstr\u00e4ucher (f\u00fcr die Profis im Landschaftsbau). Doch die St\u00fcckzahlen von rund zweieinhalb Millionen Bodendeckern und etwa 50000 Gro\u00dfstr\u00e4uchern, die hier pro Jahr produziert und verkauft werden, sind es bei weitem nicht allein, die das Familienunternehmen (seit 1978) als Vorzeige-Betrieb der Marienstadt qualifizieren.<\/span><\/span><\/h5>\n<p><img loading=\"lazy\" decoding=\"async\" class=\"size-medium wp-image-41 alignnone\" src=\"http:\/\/baumschule-peters.com\/wp-content\/uploads\/2013\/09\/SEY_0146-300x300.jpg\" alt=\"SEY_0146\" width=\"300\" height=\"300\" srcset=\"http:\/\/baumschule-peters.com\/wp-content\/uploads\/2013\/09\/SEY_0146-300x300.jpg 300w, http:\/\/baumschule-peters.com\/wp-content\/uploads\/2013\/09\/SEY_0146-150x150.jpg 150w, http:\/\/baumschule-peters.com\/wp-content\/uploads\/2013\/09\/SEY_0146-1024x1024.jpg 1024w\" sizes=\"auto, (max-width: 300px) 100vw, 300px\" \/>\u00a0\u00a0<img loading=\"lazy\" decoding=\"async\" class=\"alignnone size-medium wp-image-68\" src=\"http:\/\/baumschule-peters.com\/wp-content\/uploads\/2013\/09\/SEY_5073-300x300.jpg\" alt=\"SEY_5073\" width=\"300\" height=\"300\" srcset=\"http:\/\/baumschule-peters.com\/wp-content\/uploads\/2013\/09\/SEY_5073-300x300.jpg 300w, http:\/\/baumschule-peters.com\/wp-content\/uploads\/2013\/09\/SEY_5073-150x150.jpg 150w, http:\/\/baumschule-peters.com\/wp-content\/uploads\/2013\/09\/SEY_5073-1024x1024.jpg 1024w\" sizes=\"auto, (max-width: 300px) 100vw, 300px\" \/>\u00a0<img loading=\"lazy\" decoding=\"async\" class=\"alignnone size-medium wp-image-29\" src=\"http:\/\/baumschule-peters.com\/wp-content\/uploads\/2013\/09\/SEY_0018-300x300.jpg\" alt=\"SEY_0018\" width=\"300\" height=\"300\" srcset=\"http:\/\/baumschule-peters.com\/wp-content\/uploads\/2013\/09\/SEY_0018-300x300.jpg 300w, http:\/\/baumschule-peters.com\/wp-content\/uploads\/2013\/09\/SEY_0018-150x150.jpg 150w, http:\/\/baumschule-peters.com\/wp-content\/uploads\/2013\/09\/SEY_0018-1024x1024.jpg 1024w\" sizes=\"auto, (max-width: 300px) 100vw, 300px\" \/><\/p>\n<p><span style=\"color: #333333;\">\u00a0<\/span><\/p>\n<h4 align=\"left\"><span style=\"color: #333333;\"><span style=\"font-family: Georgia, 'Times New Roman', 'Bitstream Charter', Times, serif;\">Inzwischen verdanken bereits rund\u00a0100 ehemalige Auszubildende der Baumschule Peters eine solide Vorbereitung auf ein erfolgreiches Berufsleben. Dass das Familienunternehmen aber heute mit nur etwa 20 Mitarbeitern auf einer eigenen Fl\u00e4che von 10 Hektar und weiteren 21.000 Quadratmetern im Hochglasanbau sowie zus\u00e4tzlichen\u00a05000 Quadratmetern auf Pachtfl\u00e4chen unter Glas produziert, resultiert einzig und allein aus der in Eigenregie gew\u00e4hlten Priorit\u00e4t, \u00f6kologisch nachhaltig und gleichzeitig \u00f6konomisch effektiv zu produzieren. Die \u00f6kologisch zukunftsorientierte Pflanzenproduktion wird zum Beispiel dadurch garantiert, dass bei Peters nat\u00fcrliche N\u00fctzlinge statt der \u201echemischen Keule\u201c im Pflanzenschutz eingesetzt werden. Ferner stellt ein geschlossenes Bew\u00e4sserungssystem sicher, dass beispielsweise kein D\u00fcnger ins Grundwasser gelangen kann. Fast beil\u00e4ufig erw\u00e4hnt der Senior, Helmut Peters, dass obendrein auf einer rund 4000 Quadratmeter gro\u00dfen und 1,5 Meter tiefen Anlage mit Hilfe von W\u00e4rmepumpen die Heizungen von Wohn- und Betriebsgeb\u00e4uden umweltfreundlich gespeist werden.<\/span><\/span><\/h4>\n<p><span style=\"color: #333333;\">\u00a0<img loading=\"lazy\" decoding=\"async\" class=\"alignnone size-medium wp-image-23\" src=\"http:\/\/baumschule-peters.com\/wp-content\/uploads\/2013\/09\/MEL4423-300x300.jpg\" alt=\"_MEL4423\" width=\"300\" height=\"300\" srcset=\"http:\/\/baumschule-peters.com\/wp-content\/uploads\/2013\/09\/MEL4423-300x300.jpg 300w, http:\/\/baumschule-peters.com\/wp-content\/uploads\/2013\/09\/MEL4423-150x150.jpg 150w, http:\/\/baumschule-peters.com\/wp-content\/uploads\/2013\/09\/MEL4423-1024x1024.jpg 1024w\" sizes=\"auto, (max-width: 300px) 100vw, 300px\" \/>\u00a0<img loading=\"lazy\" decoding=\"async\" class=\"alignnone size-medium wp-image-43\" src=\"http:\/\/baumschule-peters.com\/wp-content\/uploads\/2013\/09\/SEY_0151-300x300.jpg\" alt=\"SEY_0151\" width=\"300\" height=\"300\" srcset=\"http:\/\/baumschule-peters.com\/wp-content\/uploads\/2013\/09\/SEY_0151-300x300.jpg 300w, http:\/\/baumschule-peters.com\/wp-content\/uploads\/2013\/09\/SEY_0151-150x150.jpg 150w, http:\/\/baumschule-peters.com\/wp-content\/uploads\/2013\/09\/SEY_0151-1024x1024.jpg 1024w\" sizes=\"auto, (max-width: 300px) 100vw, 300px\" \/>\u00a0<img loading=\"lazy\" decoding=\"async\" class=\"alignnone size-medium wp-image-55\" src=\"http:\/\/baumschule-peters.com\/wp-content\/uploads\/2013\/09\/SEY_4983-300x300.jpg\" alt=\"SEY_4983\" width=\"300\" height=\"300\" srcset=\"http:\/\/baumschule-peters.com\/wp-content\/uploads\/2013\/09\/SEY_4983-300x300.jpg 300w, http:\/\/baumschule-peters.com\/wp-content\/uploads\/2013\/09\/SEY_4983-150x150.jpg 150w, http:\/\/baumschule-peters.com\/wp-content\/uploads\/2013\/09\/SEY_4983-1024x1024.jpg 1024w\" sizes=\"auto, (max-width: 300px) 100vw, 300px\" \/><\/span><\/p>\n<h4 align=\"left\"><span style=\"color: #333333;\"><span style=\"font-family: Georgia, 'Times New Roman', 'Bitstream Charter', Times, serif;\">Erg\u00e4nzend verweist Michael Peters, noch auf die moderne, fast ausschlie\u00dflich von Computern gesteuerte Technik in den Gew\u00e4chsh\u00e4usern, ohne die eine so gewaltige Produktion hochwertiger Pflanzen mit einem Team von gerade einmal 20 Mitarbeitern gar nicht zu bew\u00e4ltigen w\u00e4re. Auch f\u00fcr die reibungslose Logistik ist das Unternehmen bestens aufgestellt. So stellen beispielsweise im Freiland Betonwege mit einer Gesamtl\u00e4nge von 3,4 Kilometern sicher, dass zigtausende Pflanzen \u2013 insbesondere die vom Landschaftsbau stark gefragten Gro\u00dfstr\u00e4ucher \u2013 mit Fahrzeugen bewegt werden k\u00f6nnen. Ein Privatverkauf ist bei Peters nicht m\u00f6glich. <\/span><\/span><\/h4>\n<h4 align=\"left\"><span style=\"color: #333333;\"><span style=\"font-family: Georgia, 'Times New Roman', 'Bitstream Charter', Times, serif;\">Die Baumschule ist vielmehr auf den Verkauf in gro\u00dfen St\u00fcckzahlen ausgerichtet. W\u00e4hrend die Bodendecker vor allem \u00fcber den Blumengro\u00dfmarkt K\u00f6ln an die Friedhofsg\u00e4rtner verkauft werden, setzt das Familienunternehmen bei der Vermarktung seiner Produkte seit 2006 noch auf ein zweites Standbein. \u00dcber Landgard werden vor allem die Abholm\u00e4rkte mit hochwertiger Ware bedient. So gibt es beispielsweise selbst im fernen Wien bereits Stammkunden, die ihre Gro\u00dfstr\u00e4ucher am liebsten vom Niederrhein (sprich Peters) erwerben. Unter dem Strich bleibt die Feststellung, dass Kevelaer stolz darauf sein kann, ein so erfolgreich\u2013\u00f6konomisch wie \u00f6kologisch \u2013 wirtschaftendes Unternehmen wie die Baumschule Peters in seinen Stadtmauern zu wissen.<\/span><\/span><\/h4>\n<p><img loading=\"lazy\" decoding=\"async\" class=\"alignnone size-medium wp-image-50\" src=\"http:\/\/baumschule-peters.com\/wp-content\/uploads\/2013\/09\/SEY_0256-300x300.jpg\" alt=\"SEY_0256\" width=\"300\" height=\"300\" srcset=\"http:\/\/baumschule-peters.com\/wp-content\/uploads\/2013\/09\/SEY_0256-300x300.jpg 300w, http:\/\/baumschule-peters.com\/wp-content\/uploads\/2013\/09\/SEY_0256-150x150.jpg 150w, http:\/\/baumschule-peters.com\/wp-content\/uploads\/2013\/09\/SEY_0256-1024x1024.jpg 1024w\" sizes=\"auto, (max-width: 300px) 100vw, 300px\" \/>\u00a0<img loading=\"lazy\" decoding=\"async\" class=\"alignnone size-medium wp-image-25\" src=\"http:\/\/baumschule-peters.com\/wp-content\/uploads\/2013\/09\/GOPR4477bearbeitet-300x300.jpg\" alt=\"DCIM104GOPRO\" width=\"300\" height=\"300\" srcset=\"http:\/\/baumschule-peters.com\/wp-content\/uploads\/2013\/09\/GOPR4477bearbeitet-300x300.jpg 300w, http:\/\/baumschule-peters.com\/wp-content\/uploads\/2013\/09\/GOPR4477bearbeitet-150x150.jpg 150w, http:\/\/baumschule-peters.com\/wp-content\/uploads\/2013\/09\/GOPR4477bearbeitet-1024x1024.jpg 1024w\" sizes=\"auto, (max-width: 300px) 100vw, 300px\" \/>\u00a0<img loading=\"lazy\" decoding=\"async\" class=\"alignnone size-medium wp-image-20\" src=\"http:\/\/baumschule-peters.com\/wp-content\/uploads\/2013\/09\/MEL4365-300x300.jpg\" alt=\"_MEL4365\" width=\"300\" height=\"300\" srcset=\"http:\/\/baumschule-peters.com\/wp-content\/uploads\/2013\/09\/MEL4365-300x300.jpg 300w, http:\/\/baumschule-peters.com\/wp-content\/uploads\/2013\/09\/MEL4365-150x150.jpg 150w, http:\/\/baumschule-peters.com\/wp-content\/uploads\/2013\/09\/MEL4365-1024x1024.jpg 1024w\" sizes=\"auto, (max-width: 300px) 100vw, 300px\" \/><\/p>\n","protected":false},"excerpt":{"rendered":"<p>Vor den Toren der Stadt Kevelaer produziert die Baumschule Peters\u00a0 in gewaltigen St\u00fcckzahlen qualitativ hochwertige Bodendecker (vor allem f\u00fcr die Friedhofsg\u00e4rtner) und Gro\u00dfstr\u00e4ucher (f\u00fcr die Profis im Landschaftsbau). Doch die St\u00fcckzahlen von rund zweieinhalb Millionen Bodendeckern und etwa 50000 Gro\u00dfstr\u00e4uchern, die hier pro Jahr produziert und verkauft werden, sind es bei weitem nicht allein, die [&hellip;]<\/p>\n","protected":false},"author":1,"featured_media":0,"parent":92,"menu_order":0,"comment_status":"closed","ping_status":"closed","template":"","meta":{"footnotes":""},"class_list":["post-196","page","type-page","status-publish","hentry"],"_links":{"self":[{"href":"http:\/\/baumschule-peters.com\/index.php?rest_route=\/wp\/v2\/pages\/196","targetHints":{"allow":["GET"]}}],"collection":[{"href":"http:\/\/baumschule-peters.com\/index.php?rest_route=\/wp\/v2\/pages"}],"about":[{"href":"http:\/\/baumschule-peters.com\/index.php?rest_route=\/wp\/v2\/types\/page"}],"author":[{"embeddable":true,"href":"http:\/\/baumschule-peters.com\/index.php?rest_route=\/wp\/v2\/users\/1"}],"replies":[{"embeddable":true,"href":"http:\/\/baumschule-peters.com\/index.php?rest_route=%2Fwp%2Fv2%2Fcomments&post=196"}],"version-history":[{"count":14,"href":"http:\/\/baumschule-peters.com\/index.php?rest_route=\/wp\/v2\/pages\/196\/revisions"}],"predecessor-version":[{"id":1209,"href":"http:\/\/baumschule-peters.com\/index.php?rest_route=\/wp\/v2\/pages\/196\/revisions\/1209"}],"up":[{"embeddable":true,"href":"http:\/\/baumschule-peters.com\/index.php?rest_route=\/wp\/v2\/pages\/92"}],"wp:attachment":[{"href":"http:\/\/baumschule-peters.com\/index.php?rest_route=%2Fwp%2Fv2%2Fmedia&parent=196"}],"curies":[{"name":"wp","href":"https:\/\/api.w.org\/{rel}","templated":true}]}}